{"id":13101,"date":"2025-03-10T13:30:01","date_gmt":"2025-03-10T11:30:01","guid":{"rendered":"https:\/\/thirsty-elbakyan.194-164-170-140.plesk.page\/?post_type=product&#038;p=13101"},"modified":"2025-03-10T14:39:58","modified_gmt":"2025-03-10T12:39:58","slug":"medalla-nina-comunion-oro-9-kilates-2","status":"publish","type":"product","link":"https:\/\/thirsty-elbakyan.194-164-170-140.plesk.page\/?product=medalla-nina-comunion-oro-9-kilates-2","title":{"rendered":"Medalla ni\u00f1a Comuni\u00f3n oro 9 kilates"},"content":{"rendered":"<p>Medalla ni\u00f1a Comuni\u00f3n oro 9 kilates<\/p>\n<p>Imagen Virgen ni\u00f1a<\/p>\n<p>En\u00a0oro\u00a0de\u00a0ley\u00a0de\u00a018\u00a0quilates<\/p>\n<p>Medida 22X 17 MM.<\/p>\n<p>Anilla en forma de triangulo<\/p>\n<p>Se\u00a0puede\u00a0adquirir\u00a0con\u00a0<a href=\"https:\/\/thirsty-elbakyan.194-164-170-140.plesk.page\/c\/oro\/cadenas-oro\/\">cadena<\/a><\/p>\n<p>Visite\u00a0en\u00a0nuestra\u00a0tienda\u00a0la\u00a0secci\u00f3n\u00a0de\u00a0cadenas<\/p>\n<p>Para\u00a0comuni\u00f3n\u00a0se\u00a0recomienda\u00a0cadena\u00a0de\u00a050\u00a0cm.<\/p>\n<p>Acabado del pulido en brillo<\/p>\n<p>Se\u00a0puede\u00a0grabar\u00a0por\u00a0detr\u00e1s<\/p>\n<p>Grabado gratis<\/p>\n<p>Se\u00a0env\u00eda\u00a0en\u00a0caja\u00a0y\u00a0papel\u00a0de\u00a0regalo<\/p>\n","protected":false},"excerpt":{"rendered":"<p><span style=\"color: #000000;\">MEDALLA NI\u00d1A COMUNION<\/span><\/p>\n<p><span style=\"color: #000000;\">ENVIO GRATIS<\/span><\/p>\n","protected":false},"featured_media":13095,"template":"","meta":[],"product_brand":[],"product_cat":[70,98,68,125,82,42,20,100],"product_tag":[453,247,255,2063,2064,1205],"class_list":{"0":"post-13101","1":"product","2":"type-product","3":"status-publish","4":"has-post-thumbnail","6":"product_cat-9-kts-oro","7":"product_cat-comunion","8":"product_cat-comunion-oro","9":"product_cat-medallas-oro-comunion","10":"product_cat-medallas-comunion","11":"product_cat-medallas-oro","12":"product_cat-oro","13":"product_cat-oro-comunion","14":"product_tag-bautizo","15":"product_tag-comunion","16":"product_tag-medalla","17":"product_tag-nacimiento","18":"product_tag-oro-9-kilates","19":"product_tag-virgen-nina","20":"wcpa_has_options","22":"first","23":"instock","24":"taxable","25":"shipping-taxable","26":"purchasable","27":"product-type-simple"},"_links":{"self":[{"href":"https:\/\/thirsty-elbakyan.194-164-170-140.plesk.page\/index.php?rest_route=\/wp\/v2\/product\/13101","targetHints":{"allow":["GET"]}}],"collection":[{"href":"https:\/\/thirsty-elbakyan.194-164-170-140.plesk.page\/index.php?rest_route=\/wp\/v2\/product"}],"about":[{"href":"https:\/\/thirsty-elbakyan.194-164-170-140.plesk.page\/index.php?rest_route=\/wp\/v2\/types\/product"}],"wp:featuredmedia":[{"embeddable":true,"href":"https:\/\/thirsty-elbakyan.194-164-170-140.plesk.page\/index.php?rest_route=\/wp\/v2\/media\/13095"}],"wp:attachment":[{"href":"https:\/\/thirsty-elbakyan.194-164-170-140.plesk.page\/index.php?rest_route=%2Fwp%2Fv2%2Fmedia&parent=13101"}],"wp:term":[{"taxonomy":"product_brand","embeddable":true,"href":"https:\/\/thirsty-elbakyan.194-164-170-140.plesk.page\/index.php?rest_route=%2Fwp%2Fv2%2Fproduct_brand&post=13101"},{"taxonomy":"product_cat","embeddable":true,"href":"https:\/\/thirsty-elbakyan.194-164-170-140.plesk.page\/index.php?rest_route=%2Fwp%2Fv2%2Fproduct_cat&post=13101"},{"taxonomy":"product_tag","embeddable":true,"href":"https:\/\/thirsty-elbakyan.194-164-170-140.plesk.page\/index.php?rest_route=%2Fwp%2Fv2%2Fproduct_tag&post=13101"}],"curies":[{"name":"wp","href":"https:\/\/api.w.org\/{rel}","templated":true}]}}