{"id":13208,"date":"2025-03-17T13:59:13","date_gmt":"2025-03-17T11:59:13","guid":{"rendered":"https:\/\/thirsty-elbakyan.194-164-170-140.plesk.page\/?post_type=product&#038;p=13208"},"modified":"2025-03-17T13:59:13","modified_gmt":"2025-03-17T11:59:13","slug":"esclava-nina-nino-o-comunion-oro-18k","status":"publish","type":"product","link":"https:\/\/thirsty-elbakyan.194-164-170-140.plesk.page\/?product=esclava-nina-nino-o-comunion-oro-18k","title":{"rendered":"Esclava ni\u00f1a ni\u00f1o o Comuni\u00f3n oro 18k."},"content":{"rendered":"<p>Esclava ni\u00f1a, ni\u00f1o o Comuni\u00f3n oro 18k.<\/p>\n<p>Esclava Comuni\u00f3n eslab\u00f3n combinado 3 x 1<\/p>\n<p>En oro de ley de 18 quilates<\/p>\n<p>Para Comuni\u00f3n o mujer<\/p>\n<p>Medida de largo 17 cm.<\/p>\n<p>Peso 2,69 gr.<\/p>\n<p>Ancho de eslab\u00f3n 3 mm.<\/p>\n<p>Chapa cuadrada matizada con labrado en los bordes<\/p>\n<p>Medida de chapa 30 x 6 mm.<\/p>\n<p>Cierre mosquet\u00f3n<\/p>\n<p>Se puede personalizar<\/p>\n<p>Grabado gratis<\/p>\n<p>Se env\u00eda con caja y papel de regalo<\/p>\n","protected":false},"excerpt":{"rendered":"<p><strong>Esclava ni\u00f1a, ni\u00f1o o Comuni\u00f3n<\/strong><\/p>\n<p><strong>ENVIO GRATIS<\/strong><\/p>\n<h5 class=\"serp-title\"><\/h5>\n","protected":false},"featured_media":13209,"template":"","meta":[],"product_brand":[],"product_cat":[519,98,68,130,100,20],"product_tag":[247,427,242,241,2034],"class_list":{"0":"post-13208","1":"product","2":"type-product","3":"status-publish","4":"has-post-thumbnail","6":"product_cat-esclavas-oro-esclavas-oro","7":"product_cat-comunion","8":"product_cat-comunion-oro","9":"product_cat-esclavas-oro","10":"product_cat-oro-comunion","11":"product_cat-oro","12":"product_tag-comunion","13":"product_tag-esclava","14":"product_tag-nina","15":"product_tag-nino","16":"product_tag-oro-18-kilates","18":"first","19":"instock","20":"sale","21":"taxable","22":"shipping-taxable","23":"purchasable","24":"product-type-simple"},"_links":{"self":[{"href":"https:\/\/thirsty-elbakyan.194-164-170-140.plesk.page\/index.php?rest_route=\/wp\/v2\/product\/13208","targetHints":{"allow":["GET"]}}],"collection":[{"href":"https:\/\/thirsty-elbakyan.194-164-170-140.plesk.page\/index.php?rest_route=\/wp\/v2\/product"}],"about":[{"href":"https:\/\/thirsty-elbakyan.194-164-170-140.plesk.page\/index.php?rest_route=\/wp\/v2\/types\/product"}],"wp:featuredmedia":[{"embeddable":true,"href":"https:\/\/thirsty-elbakyan.194-164-170-140.plesk.page\/index.php?rest_route=\/wp\/v2\/media\/13209"}],"wp:attachment":[{"href":"https:\/\/thirsty-elbakyan.194-164-170-140.plesk.page\/index.php?rest_route=%2Fwp%2Fv2%2Fmedia&parent=13208"}],"wp:term":[{"taxonomy":"product_brand","embeddable":true,"href":"https:\/\/thirsty-elbakyan.194-164-170-140.plesk.page\/index.php?rest_route=%2Fwp%2Fv2%2Fproduct_brand&post=13208"},{"taxonomy":"product_cat","embeddable":true,"href":"https:\/\/thirsty-elbakyan.194-164-170-140.plesk.page\/index.php?rest_route=%2Fwp%2Fv2%2Fproduct_cat&post=13208"},{"taxonomy":"product_tag","embeddable":true,"href":"https:\/\/thirsty-elbakyan.194-164-170-140.plesk.page\/index.php?rest_route=%2Fwp%2Fv2%2Fproduct_tag&post=13208"}],"curies":[{"name":"wp","href":"https:\/\/api.w.org\/{rel}","templated":true}]}}