{"id":1799,"date":"2020-05-01T18:09:28","date_gmt":"2020-05-01T16:09:28","guid":{"rendered":"https:\/\/thirsty-elbakyan.194-164-170-140.plesk.page\/?post_type=product&#038;p=1799"},"modified":"2025-03-09T13:52:59","modified_gmt":"2025-03-09T11:52:59","slug":"medalla-comunion-virgen-nina-2","status":"publish","type":"product","link":"https:\/\/thirsty-elbakyan.194-164-170-140.plesk.page\/?product=medalla-comunion-virgen-nina-2","title":{"rendered":"Medalla comuni\u00f3n Virgen ni\u00f1a oro 18 k"},"content":{"rendered":"<p>Medalla comuni\u00f3n Virgen ni\u00f1a oro 18 k<\/p>\n<p>En oro de ley de 18 quilates<\/p>\n<p>Medida 22 X 16 MM.<\/p>\n<p>Anilla en forma de triangulo<\/p>\n<p>Se puede adquirir con <a href=\"https:\/\/thirsty-elbakyan.194-164-170-140.plesk.page\/c\/oro\/cadenas-oro\/cadenas-eslabones\/\">cadena<\/a><\/p>\n<p>Para comuni\u00f3n se recomienda cadena de 50 cm.<\/p>\n<p>Se puede grabar por detr\u00e1s gratuitamente<\/p>\n<p>Env\u00edo gratis<\/p>\n<p>Se env\u00eda en caja y papel de regalo<\/p>\n","protected":false},"excerpt":{"rendered":"<p><strong>MEDALLA COMUNION VIRGEN NI\u00d1A<\/strong><\/p>\n<p><strong>ENVIO GRATIS<\/strong><\/p>\n","protected":false},"featured_media":6107,"template":"","meta":[],"product_brand":[],"product_cat":[98,68,651,125,82,100,20],"product_tag":[997,247,255,244,1205],"class_list":{"0":"post-1799","1":"product","2":"type-product","3":"status-publish","4":"has-post-thumbnail","6":"product_cat-comunion","7":"product_cat-comunion-oro","8":"product_cat-destacados-inicio","9":"product_cat-medallas-oro-comunion","10":"product_cat-medallas-comunion","11":"product_cat-oro-comunion","12":"product_cat-oro","13":"product_tag-18-quilates","14":"product_tag-comunion","15":"product_tag-medalla","16":"product_tag-oro","17":"product_tag-virgen-nina","18":"wcpa_has_options","20":"first","21":"instock","22":"taxable","23":"shipping-taxable","24":"purchasable","25":"product-type-simple"},"_links":{"self":[{"href":"https:\/\/thirsty-elbakyan.194-164-170-140.plesk.page\/index.php?rest_route=\/wp\/v2\/product\/1799","targetHints":{"allow":["GET"]}}],"collection":[{"href":"https:\/\/thirsty-elbakyan.194-164-170-140.plesk.page\/index.php?rest_route=\/wp\/v2\/product"}],"about":[{"href":"https:\/\/thirsty-elbakyan.194-164-170-140.plesk.page\/index.php?rest_route=\/wp\/v2\/types\/product"}],"wp:featuredmedia":[{"embeddable":true,"href":"https:\/\/thirsty-elbakyan.194-164-170-140.plesk.page\/index.php?rest_route=\/wp\/v2\/media\/6107"}],"wp:attachment":[{"href":"https:\/\/thirsty-elbakyan.194-164-170-140.plesk.page\/index.php?rest_route=%2Fwp%2Fv2%2Fmedia&parent=1799"}],"wp:term":[{"taxonomy":"product_brand","embeddable":true,"href":"https:\/\/thirsty-elbakyan.194-164-170-140.plesk.page\/index.php?rest_route=%2Fwp%2Fv2%2Fproduct_brand&post=1799"},{"taxonomy":"product_cat","embeddable":true,"href":"https:\/\/thirsty-elbakyan.194-164-170-140.plesk.page\/index.php?rest_route=%2Fwp%2Fv2%2Fproduct_cat&post=1799"},{"taxonomy":"product_tag","embeddable":true,"href":"https:\/\/thirsty-elbakyan.194-164-170-140.plesk.page\/index.php?rest_route=%2Fwp%2Fv2%2Fproduct_tag&post=1799"}],"curies":[{"name":"wp","href":"https:\/\/api.w.org\/{rel}","templated":true}]}}