{"id":1822,"date":"2020-05-01T18:43:23","date_gmt":"2020-05-01T16:43:23","guid":{"rendered":"https:\/\/thirsty-elbakyan.194-164-170-140.plesk.page\/?post_type=product&#038;p=1822"},"modified":"2024-10-25T13:14:40","modified_gmt":"2024-10-25T11:14:40","slug":"medalla-virgen-nina-corazon","status":"publish","type":"product","link":"https:\/\/thirsty-elbakyan.194-164-170-140.plesk.page\/?product=medalla-virgen-nina-corazon","title":{"rendered":"Medalla Virgen ni\u00f1a coraz\u00f3n"},"content":{"rendered":"<p>Medalla Virgen ni\u00f1a coraz\u00f3n<\/p>\n<p>En oro de ley de 18 quilates<\/p>\n<p>Medida 24 X 20 MM.<\/p>\n<p>Anilla en forma de triangulo<\/p>\n<p>Se\u00a0puede\u00a0adquirir\u00a0con\u00a0<a href=\"https:\/\/thirsty-elbakyan.194-164-170-140.plesk.page\/c\/oro\/cadenas-oro\/cadenas-eslabones\/\">cadena<\/a><\/p>\n<p>Visite\u00a0en\u00a0nuestra\u00a0tienda\u00a0la\u00a0secci\u00f3n\u00a0de\u00a0cadenas<\/p>\n<p>Para\u00a0comuni\u00f3n\u00a0se\u00a0recomienda\u00a0cadena\u00a0de\u00a050\u00a0cm.<\/p>\n<p>Acabado del pulido en brillo<\/p>\n<p>Se\u00a0puede\u00a0grabar\u00a0por\u00a0detr\u00e1s<\/p>\n<p>Se\u00a0env\u00eda\u00a0en\u00a0caja\u00a0y\u00a0papel\u00a0de\u00a0regalo<\/p>\n","protected":false},"excerpt":{"rendered":"<p><strong>MEDALLA VIRGEN NI\u00d1A CORAZON<\/strong><\/p>\n<p><strong>ENVIO GRATIS<\/strong><\/p>\n","protected":false},"featured_media":12304,"template":"","meta":[],"product_brand":[],"product_cat":[98,68,125,82,42,20,100],"product_tag":[997,344,247,647,255,244,1211],"class_list":{"0":"post-1822","1":"product","2":"type-product","3":"status-publish","4":"has-post-thumbnail","6":"product_cat-comunion","7":"product_cat-comunion-oro","8":"product_cat-medallas-oro-comunion","9":"product_cat-medallas-comunion","10":"product_cat-medallas-oro","11":"product_cat-oro","12":"product_cat-oro-comunion","13":"product_tag-18-quilates","14":"product_tag-circonitas","15":"product_tag-comunion","16":"product_tag-de-ley","17":"product_tag-medalla","18":"product_tag-oro","19":"product_tag-virgen-nina-forma-corazon","21":"first","22":"instock","23":"taxable","24":"shipping-taxable","25":"purchasable","26":"product-type-simple"},"_links":{"self":[{"href":"https:\/\/thirsty-elbakyan.194-164-170-140.plesk.page\/index.php?rest_route=\/wp\/v2\/product\/1822","targetHints":{"allow":["GET"]}}],"collection":[{"href":"https:\/\/thirsty-elbakyan.194-164-170-140.plesk.page\/index.php?rest_route=\/wp\/v2\/product"}],"about":[{"href":"https:\/\/thirsty-elbakyan.194-164-170-140.plesk.page\/index.php?rest_route=\/wp\/v2\/types\/product"}],"wp:featuredmedia":[{"embeddable":true,"href":"https:\/\/thirsty-elbakyan.194-164-170-140.plesk.page\/index.php?rest_route=\/wp\/v2\/media\/12304"}],"wp:attachment":[{"href":"https:\/\/thirsty-elbakyan.194-164-170-140.plesk.page\/index.php?rest_route=%2Fwp%2Fv2%2Fmedia&parent=1822"}],"wp:term":[{"taxonomy":"product_brand","embeddable":true,"href":"https:\/\/thirsty-elbakyan.194-164-170-140.plesk.page\/index.php?rest_route=%2Fwp%2Fv2%2Fproduct_brand&post=1822"},{"taxonomy":"product_cat","embeddable":true,"href":"https:\/\/thirsty-elbakyan.194-164-170-140.plesk.page\/index.php?rest_route=%2Fwp%2Fv2%2Fproduct_cat&post=1822"},{"taxonomy":"product_tag","embeddable":true,"href":"https:\/\/thirsty-elbakyan.194-164-170-140.plesk.page\/index.php?rest_route=%2Fwp%2Fv2%2Fproduct_tag&post=1822"}],"curies":[{"name":"wp","href":"https:\/\/api.w.org\/{rel}","templated":true}]}}